10)?
3
What is the units digit of 3*35 - 1/((-1)/3)?
8
Let k be (46/69)/(2/(-36)). Let x(z) = z**2 + 7*z + 8. What is the tens digit of x(k)?
6
Suppose 11*s - 6*s = -30. What is the tens digit of s/2*(1236/18)/(-2)?
0
Let j(x) = x**3 + 8*x**2 + x - 11. Let o be j(-8). Let z = o - -37. Suppose -3*d + 6*d = z. What is the units digit of d?
6
Let i = 1246 - 816. What is the hundreds digit of i?
4
Suppose j + 155 = 6*j. Let q = j + -13. Suppose 0 = -r + 5*u + q, -r - 5*u + 26 = -2. What is the units digit of r?
3
Suppose -67 = -4*p + 229. What is the tens digit of p?
7
Suppose 4*b = -15 + 31. Suppose b*y - 5*f - 656 = 0, y + 2*f - 143 = -2*f. What is the hundreds digit of y?
1
What is the units digit of 6/(-378)*-150367 + (-2)/(-9)?
7
Let n be (-22)/(-6) + 16/12. Suppose 0*q - n*q + 55 = 0. Let s = -10 + q. What is the units digit of s?
1
Let s(l) = 85*l**3 - 2*l**2 + 5*l. What is the units digit of s(2)?
2
Suppose 15*c - 17319 = 25971. What is the tens digit of c?
8
Let t = -11 - -12. Let k be -15 + 0/4 + t. Let i = k + 56. What is the units digit of i?
2
What is the tens digit of ((-16)/(-28))/((-18)/(-10521))?
3
Let d be (-40 - 5)*4/(-6). Let c be ((-72)/(-84))/((-2)/(-7)). Suppose -w = c*t - d - 61, -4*w = 4*t - 124. What is the units digit of t?
0
Let p(m) = -m**2 + 2*m - 1. Let o be p(1). Suppose 0 = -a + 10 - 4. Let t = a + o. What is the units digit of t?
6
Let s = -27 + 27. Suppose 7*q - 633 + 59 = s. What is the tens digit of q?
8
Let v(h) = -2*h + 26. Let c be -18*2/4 - 2. What is the tens digit of v(c)?
4
Suppose x = -3*x - 5*m + 1000, 0 = m + 4. What is the hundreds digit of x?
2
Let c(m) = m**3 + 6*m**2 + 4*m. Let k be c(-5). Suppose -2*f - 2*q = 3*q - 81, 0 = -5*q - k. Suppose p - f = -3. What is the tens digit of p?
4
Let d = -78 + 58. What is the tens digit of (-672)/(-9) + d/(-15)?
7
Let x(m) = -7*m + 18. Let p be x(-10). Suppose f + f = p. What is the tens digit of f?
4
Let n = 116 + -52. What is the tens digit of n?
6
Suppose 6*q - 15 = q. Suppose 0 = 3*k + y - q, 2*k - 5*y - 1 - 1 = 0. What is the units digit of -2 + 2 + 0 + k?
1
Suppose 0 = 14*g - 3225 - 2417. What is the units digit of g?
3
Suppose 0 = 18*o - 13212 - 16182. What is the units digit of o?
3
Let o(g) = -g**3 + 18*g**2 - 15*g - 6. Let n(s) = -s**3 + 18*s**2 - 14*s - 7. Let t(f) = 4*n(f) - 5*o(f). What is the tens digit of t(17)?
3
Let r be (1 - 1)/(-2) - 0. Let a = 21 + -5. What is the tens digit of r + (a - (-1 - -2))?
1
Let u(w) = 9*w**2 - w - 5. What is the units digit of u(-6)?
5
Let a be 3/(-2)*2 + -6. Let g be (-1 + 2/(-6))*a. Let d = g + -8. What is the units digit of d?
4
Suppose 2*a = -2*p - 8, -4*p + 0*a + 4*a = -16. Suppose 0 = -p*j - 2*j + 210. What is the units digit of j?
5
Suppose 2*s = -2*s + s. What is the units digit of 291*(4 - (-9 - s)/(-3))?
1
Let c(d) = -3*d + 7. Let f be c(2). What is the tens digit of 3876/38 + (-2 + -1)/f?
9
What is the hundreds digit of (-13*12/5)/(6/(-380))?
9
Suppose 3*y = 5*y. Suppose 5*l = 4*d - 7 - 9, -5*d - 5*l + 20 = y. What is the units digit of d?
4
What is the hundreds digit of ((-18)/(-14))/((-228)/(-112252))?
6
Let c(w) = 14 + 2*w**2 + 8*w**2 + w**3 - 20 + 8*w. Let p be c(-9). Suppose -38 = -b - 0*g + g, 0 = b + p*g - 26. What is the tens digit of b?
3
Suppose 2*r - 149 = -2*v + 145, 2*v + r = 289. What is the hundreds digit of v?
1
Let l = 383 - -43. Suppose 5*w - 104 = l. What is the hundreds digit of w?
1
Let w = 39 + 77. What is the tens digit of w?
1
Let w(l) = 4*l**3 + 2*l**2 + l + 2. Let u be w(-3). What is the units digit of (-2216)/(-14) + 26/u?
8
Suppose 12*f - 27600 = -18*f. What is the hundreds digit of f?
9
Let n be 0*(1 - 1 - 1). Suppose 3*x - 41 - 19 = n. What is the tens digit of x?
2
Let q(z) = z**2 - 8*z + 4. Let x be q(8). Suppose 2 = -c + x*f - 8*f, 2*c + f = 3. What is the tens digit of c*(3 - 4)*-5?
1
Let q(o) = 26*o + 9. Let n(h) = -26*h - 9. Let f(d) = 4*n(d) + 3*q(d). What is the units digit of f(-7)?
3
Let n(s) = 4*s**2 - 25*s + 36. What is the hundreds digit of n(-11)?
7
Suppose -4*q - 21 = -3*l + 2, 0 = -3*l + q + 17. Suppose -2*j - o = -l*o + 4, 4*j - o - 6 = 0. What is the units digit of j + 2 + -5 + 23?
2
Suppose -7*p = 3*k - 3*p - 23, 3*k + p - 17 = 0. Let c = 13 - 10. Suppose c*u - k*u = -30. What is the tens digit of u?
1
Let q be (-2)/3*(-6)/1. Suppose 0 = q*h - 6 - 10. Suppose 3*a - 74 = -h*s + 2*a, -a + 38 = 2*s. What is the tens digit of s?
1
Suppose -i - 13 = -3*r - 8, -5*i + r - 11 = 0. What is the hundreds digit of (-4)/(i/2)*(-335)/(-10)?
1
Let y(t) = t**3 - 58*t**2 - 46*t + 247. What is the tens digit of y(60)?
8
Let y(j) = -j + 26. Let u be y(12). Suppose -12*k - 208 = -u*k. What is the units digit of k?
4
Let l be (3 - -62) + (-15)/3 + 3. Suppose 2*v + 7*j = 2*j + l, -v = 3*j - 29. What is the units digit of v?
4
Let y = 135 - 65. What is the tens digit of y + 4 + 12/(-2)?
6
Let p be (-4)/18 - 4/(-18). Let m(b) = -b**2 + b + 3. Let k be m(0). Suppose r + k*x - 4*x - 27 = p, 4*r - x = 114. What is the units digit of r?
9
Let k be (-1)/(42/(-12)) - 26/(-7). What is the units digit of (-1)/k - (67470/(-24))/13?
6
Let h(k) = k**3 + 18*k**2 - k - 13. Let x be h(-18). Suppose -4*s = -x*s + 15. What is the tens digit of s?
1
Suppose 3*g - 36 = -3. Let x = g + -9. What is the units digit of 21 + 0/3 + x?
3
Let b(c) = 26*c - 26. Let h be b(1). Let z(q) = -3*q - 6. Let d be z(-6). Suppose m + 3*u - 70 = 0, h*u + d = 3*u. What is the units digit of m?
8
Suppose 9 = 2*f - 5. Let b(g) = 11*g**2 - 7*g - 2*g**2 + 2*g + f. What is the tens digit of b(2)?
3
Suppose c - 54 = 3*c - o, -4*c + o = 106. Let n = -3 - c. What is the tens digit of n?
2
Let w(m) = m**2 + 5*m - 6. Let i be w(-6). Suppose s - 21 + 18 = i. Suppose 5*q - 80 = s*q. What is the tens digit of q?
4
Suppose -21 = g - 5*j, -g - 2 + 1 = -j. Suppose -5*q = -o - 15 - 3, -g*o = 5*q - 3. Suppose q*z - 3*s - 156 = -z, 2*z + s - 68 = 0. What is the tens digit of z?
3
Let d(c) = c - 9. Let p be d(10). Suppose -6*o + 5*o = -p. Let v(y) = 40*y - 2. What is the tens digit of v(o)?
3
Suppose 17*k - 7695 = 2*k. What is the tens digit of k?
1
Suppose 20*z - 18560 + 5580 = 0. What is the hundreds digit of z?
6
What is the hundreds digit of (6828/21)/(47/329)?
2
Let p(x) = 2*x**2 - 9*x - 3. Let c(k) = -k**2 + 5*k + 1. Let y(i) = -9*c(i) - 4*p(i). What is the units digit of y(-7)?
5
Suppose -6 = -w - 2. Suppose 0 = w*m + 32 - 112. Suppose 0 = 3*z + 3, 2*s + 0*z = 2*z + m. What is the units digit of s?
9
Let i(j) = 44*j**2 + j + 81. What is the units digit of i(-6)?
9
Let i = 14 - 25. Let g = 51 + i. What is the tens digit of g?
4
Suppose 3*i - 6 = -3*h, 8*h = 3*h. Suppose -3*t - i*c - 16 = 2*c, -4 = -5*t + c. What is the units digit of 99/18*(2 + t)?
1
Let a(h) = 3*h**3 - h**2 + 2. Let l be a(2). What is the tens digit of -3 + 339/11 - (-4)/l?
2
Let b = -995 - -1599. What is the tens digit of b?
0
Let c(a) = 19*a**2 + 16*a + 98. What is the hundreds digit of c(-6)?
6
Let k be ((-57)/15 + 3)/((-4)/10). What is the units digit of 13*(k - 1/((-3)/12))?
8
Let r = -39 + 29. What is the units digit of (-5)/(r/4) - -29?
1
Suppose -3*p = -i - 11, -2*p + i + 2 + 7 = 0. Suppose 3*r + p*w + 25 = 0, -5*r - w - 31 = -3*w. Let o = r - -25. What is the tens digit of o?
1
Suppose 3*n + 83 + 7 = 0. Let t = 46 + n. What is the units digit of (-1*2)/((-8)/t)?
4
Let i(q) = -7*q + 1. Let l be i(-1). Let h(g) = g**2 + 4*g - 41. Let a be h(5). Let j = l + a. What is the units digit of j?
2
Let g(v) = v**2 - 5*v - 20. Let f be g(7). What is the units digit of 0*3/f + 7/1?
7
What is the units digit of 10/(-95) - (-11)/((-418)/(-270))?
7
Let a(n) = 6*n**3 - 36*n**2 - 17*n - 5. What is the tens digit of a(8)?
2
Suppose -o = 4*h - 1651, 308 = h + o - 101. What is the units digit of (h/(-15))/(6/(-30))?
8
Let z be ((-42)/(-35))/((-18)/20)*-69. Suppose -5*k - 591 + z = -4*g, -3*k = 4*g - 507. What is the hundreds digit of g?
1
Suppose 20*m - 34404 = -3644. What is the units digit of m?
8
Suppose 0 = -13*c + 1502 + 1046. What is the hundreds digit of c?
1
Let v(x) = -x - x - 9 - 4*x. Let c be (0 + 4/(-3))/((-14)/(-42)). What is the tens digit of v(c)?
1
Let z(f) = f**2 + 10*f + 24. Let u be z(-9). What is the units digit of -3*(-50)/u - 3?
7
Suppose -2*b + b